t i be (1/2)/((-7)/(-322)). Suppose -i*t + 35 = -18*t. Suppose 86 = 9*k - t*k. List the prime factors of k.
43
List the prime factors of 1070/4*(122 + 10).
2, 3, 5, 11, 107
Let x be (24/(-20))/(-3)*1475/(-1). Let w = 345 - x. List the prime factors of w.
5, 11, 17
Let u be 1/(-3) + 2/6. Suppose u = 5*b - 24 + 9. Suppose b*f + 3*h + 8 = 296, -5*h = 2*f - 183. What are the prime factors of f?
3, 11
Suppose -9*d + 3349 = -3*c - 4*d, 2*d + 3335 = -3*c. List the prime factors of 908/(-6)*c/106.
7, 227
Suppose -5*t + 3*o = -25737, 0 = 13*o - 11*o - 2. What are the prime factors of t?
2, 3, 11, 13
Let r be (-9)/(-2)*(-1)/6*8. List the prime factors of (-1)/(((-36)/(-1758))/r).
293
Let p(y) = -121*y**2 - 4*y - 2. Let w(u) = 610*u**2 + 21*u + 10. Let n(j) = -11*p(j) - 2*w(j). List the prime factors of n(3).
19, 53
Suppose -3*t + 15 = 0, 0 = -4*x - 0*x - 4*t + 444. What are the prime factors of (234/52)/(1/x)?
3, 53
Let c(n) = -405*n - 375. List the prime factors of c(-63).
2, 3, 5, 419
Suppose 27*w = 22*w + 475. Suppose -3*p - w = -1061. What are the prime factors of p?
2, 7, 23
Let r(i) = -i**2 - 7*i + 10. Let b be r(-9). Let u(t) = 3*t**2 - 9*t - 23. What are the prime factors of u(b)?
241
Suppose 0 = 2*m - 3*v - 22921, 4*m - 45857 = -11*v + 12*v. What are the prime factors of m?
5, 2293
Let u be (1/(-1))/(66/(-59334)). Suppose -3*k + 528 = -36*g + 38*g, -3*g = -5*k + u. What are the prime factors of k?
2, 89
Let k(m) = m**3 - 9*m**2 - 318*m - 22. Let l be k(23). Let j = 0 - 7. Let d = j + l. List the prime factors of d.
3, 7
Suppose -14*v + 19636 = -68606. What are the prime factors of v?
3, 11, 191
Let d(b) = -145*b - 1. Let o be -2*309/(-6) + 1. Let q = -106 + o. List the prime factors of d(q).
17
Let w = 1572 + -1115. Let z = 675 - w. What are the prime factors of z?
2, 109
Let k(m) = -135*m**3 + 10*m**2 + 9*m - 3. Let t(f) = 406*f**3 - 32*f**2 - 28*f + 9. Let h(n) = 7*k(n) + 2*t(n). What are the prime factors of h(-2)?
3, 7, 17
Let d be (-180)/2*10/(-75)*3. What are the prime factors of 2/4 + 4482/d?
5
Suppose 0 = 3*b - 767 + 35. Suppose -2*f = -2*n - b - 158, f + 5*n = 183. What are the prime factors of f?
2, 3, 11
Let p(m) = 2*m**3 + 12*m**2 + 6. Let n be p(-6). What are the prime factors of (-6)/9 - (-5 - 430/n)?
2, 19
Let v be (-10)/4 - 8034/12. What are the prime factors of v/(24/(-4)) - 5?
107
Let r = 15859 + -8933. What are the prime factors of r?
2, 3463
Suppose -7*w + 11 + 3 = 0. Suppose -534 = -3*z - 3*m, -538 = -z - w*z - 2*m. What are the prime factors of z?
2, 7, 13
Suppose -19312 - 14418 = -5*q + 18300. What are the prime factors of q?
2, 11, 43
Let i(c) = -c**3 + 2*c**2 + 6*c - 5. Let p be i(3). Suppose t + 3*v - 8*v - 61 = 0, -5*t = -p*v - 242. What are the prime factors of t?
2, 23
Let w(r) = 688*r**2 - 10*r + 11. List the prime factors of w(3).
6173
Let g = 563 - -867. Suppose g = 5*u + 5*f, 5*u + 0*f + f - 1442 = 0. List the prime factors of u.
17
Suppose 4*p = 3*n - 210, 3*p + 280 = 4*n - 0*p. Suppose 38*a = 45*a - n. List the prime factors of a.
2, 5
Suppose 3*k + 4*s = 74 - 2, 0 = 5*s + 15. Let l(z) = z**2 - z + 11. List the prime factors of l(k).
13, 59
Let x be 188*4*77/112. Let b = x - -1118. What are the prime factors of b?
3, 5, 109
Suppose 99*k = 107*k - 13400. Let u = k + -946. List the prime factors of u.
3
Let l be 3/1 + -1 + (-12)/(-2). Let y(j) = 2*j**2 + 15*j - 17. What are the prime factors of y(l)?
3, 7, 11
Suppose -20*x + c = -17*x - 1634, 542 = x - c. Let k be -322 + (-3)/(1 - -2). Let o = x + k. List the prime factors of o.
223
What are the prime factors of (-85 - -1)/((-4)/428*2)?
2, 3, 7, 107
Let c = -449 + 631. Let h = c - -463. What are the prime factors of h?
3, 5, 43
What are the prime factors of ((-32)/(-8) + 5)*85195/33?
3, 5, 1549
Let o = -13 - -17. Suppose -11 = -z + 3*s, z + o*s = s - 1. Suppose y + 2*y + 323 = 4*d, 360 = z*d + 5*y. List the prime factors of d.
7, 11
Let p = 27 - 44. Let z be p/34*(1 - -5). List the prime factors of ((-67)/z)/(-1 + 8/6).
67
Let x = 39 + -37. Suppose 3*l - 630 = -2*i, -1260 = -2*i - x*i + 2*l. Suppose -6*r = r - i. What are the prime factors of r?
3, 5
Suppose -16 = -3*d + 5. Suppose 0 = 4*w + 4*x - 28, -3*w - 2*x - 11 = -d*x. Suppose g + 2*n - 43 = 0, 6*g + w*n = g + 236. What are the prime factors of g?
7
Suppose -146*l = 25*l - 954009. What are the prime factors of l?
7, 797
Let q(b) = 219*b + 105. Let f be q(25). Suppose 0 = 13*m + 2*m - f. List the prime factors of m.
2, 3, 31
Suppose 74618 = -74*i + 260876. List the prime factors of i.
3, 839
Let k(u) = -u**2 - 15*u + 9. Let q(m) = -m**3 - 9*m**2 + 3*m + 11. Let b be q(-9). Let p = b - -9. List the prime factors of k(p).
5, 13
Let i be (7/(-2))/7 + (-804)/(-24). List the prime factors of (i + -45)*(-449)/4.
3, 449
Let x(c) = 2*c**2 + 30*c**2 - 60*c + c**3 - 67*c - 85 + 43*c. List the prime factors of x(-34).
3, 17
Suppose 15*h = -32157 + 132987. List the prime factors of h.
2, 3361
Let s(r) be the first derivative of 6*r**2 - 12*r + 220. Let g(c) = c**2 + 2*c - 3. Let j be g(2). What are the prime factors of s(j)?
2, 3
Let c = 11548 + 981. List the prime factors of c.
11, 17, 67
Let a(d) = d**2 - 7. Let f = 45 - 42. Let k be a(f). Suppose 14 + 109 = 3*n + k*q, 5*q + 102 = 3*n. List the prime factors of n.
3, 13
Suppose 11 = 12*p - 1. Suppose 4*v = 3*h - 92, 8*v - 3*v + p = -h. List the prime factors of h.
2, 3
Suppose -57*w + 61*w - 36 = 0. Let o(f) = 66*f + 29. List the prime factors of o(w).
7, 89
Let a be -2 + -2 + (34 - 5). Let j(q) = 33*q - 127. List the prime factors of j(a).
2, 349
Suppose 5*j + 25 = -r, -5*j - 40 = -10*r + 8*r. Let u(m) = 42*m + 1. Let b(v) = 41*v + 1. Let o(w) = -4*b(w) + 3*u(w). List the prime factors of o(j).
227
List the prime factors of 211167/18 - 10 - (3/3)/(-2).
2, 5861
Suppose 5*n = -15, 2*h - 12403 = -4*n + 26173. List the prime factors of h.
2, 11, 877
Let k(b) = 10*b + 56. Let x be k(-5). List the prime factors of (-1546)/(-3) - ((-8)/x)/2.
2, 3, 43
Let z(u) = -5197*u - 3415. What are the prime factors of z(-3)?
2, 761
Let f(z) = -10*z**2 + 48*z + 1 + 15 + 8*z**2. List the prime factors of f(24).
2
Let a(m) = m**3 - m**2 + 11830. List the prime factors of a(0).
2, 5, 7, 13
Let n(q) be the first derivative of q**6/120 - q**5/24 - q**4/2 + 11*q**3/3 + 2. Let p(a) be the third derivative of n(a). What are the prime factors of p(-4)?
2, 7
Suppose 11*z + 1103 = 65398. What are the prime factors of z?
5, 7, 167
Let g(z) = 22*z**2 + 79*z + 3594. What are the prime factors of g(-43)?
3, 5, 109
Let d = 480 + -148. Let w(s) = s**3 - 9*s**2 - 10*s + 6. Let m be w(10). Suppose m*i - d = 142. List the prime factors of i.
79
Suppose 3*a = k - 162, 6*a = 3*a. Suppose h + 4*l = k, -255 = -2*h - 2*l + 75. Let r = -93 + h. What are the prime factors of r?
73
List the prime factors of (349377/262)/((-3)/6 - (1 - 2)).
3, 7, 127
Let c(b) = 353*b + 44. Let i be c(5). Suppose -i = 5*h - 14*h. List the prime factors of h.
3, 67
What are the prime factors of (37/(3256/1044714))/(3/4)?
11, 1439
Suppose 24*x - 242044 - 71540 = 0. List the prime factors of x.
2, 47, 139
Let o = 3 + 74. Let j be (-72)/(-20)*20/12. Let p = j + o. List the prime factors of p.
83
Let d be 0 - (2 - -2) - (-6)/(-1). Let l be (-6)/(-8)*(-6 - d). Suppose -l*o - 265 = -c, 0 = -2*c - o - o + 514. What are the prime factors of c?
7, 37
What are the prime factors of (-7 + (-86646)/(-63))*12?
2, 5, 821
Suppose 46 = 6*n - 1136. Let f = n + -173. What are the prime factors of f?
2, 3
Let j = 11258 + 3023. What are the prime factors of j?
14281
Suppose 0 = 4*g + 4*q - 3328, -q - 91 = -g + 743. What are the prime factors of g?
7, 17
Let p = 304 + -301. Suppose -o = -4*f - f - 1127, -p*o = f - 3317. What are the prime factors of o?
3, 41
Let r(v) = 16*v - 1. Let u be r(19). Suppose -x = y - u, 4*x + 7*y - 1187 = 8*y. List the prime factors of x.
2, 149
Suppose 5*p - 5*y - 27532 = -9*y, 0 = -4*p - 3*y + 22025. What are the prime factors of p?
2, 43
Let c be 3/(-4) - (33229/(-28) - 4). Suppose 0*s + 5*s - c = -5*t, -3*t + 2*s + 689 = 0. What are the prime factors of t?
233
Suppose 37*a - 4 = 33*a, 3*a + 83 = 2*t. Suppose -2043 = t*j - 52*j. What are the prime factors of j?
227
Let l(p) = p**2 + 16*p + 56. Let x be l(-11). What are